 the highest common divisor of p and b?
3
Let r(a) = 5*a - 10. Let s be r(3). Suppose -o = 5*c + 11, -2*c = -s*o - 3*c + 41. Calculate the highest common divisor of o and 3.
3
Let k = -58 + 153. What is the greatest common divisor of k and 76?
19
Suppose 5*m + 14 - 62 = 3*s, m = 2*s + 4. Let v(i) = -79*i + 415. Let g be v(5). Calculate the highest common divisor of g and m.
4
Suppose -5*x - 590 = -120. Let g be x/(-10) + (-20)/50. Calculate the highest common factor of 18 and g.
9
Suppose -85 = -3*p + 2*n, -3*p + 30 = -4*n - 59. Calculate the greatest common factor of 1269 and p.
27
Let v(o) be the first derivative of o**2/2 + 17*o + 21. Let f be v(-15). What is the greatest common factor of f and 14?
2
Suppose 16 = -25*q + 29*q. Let g be 14 + -1 - (q - 8/4). What is the greatest common factor of g and 33?
11
Let t be 474/7 - (-2)/7. Let z = 193 - t. Calculate the highest common factor of 50 and z.
25
Suppose 20*f + 22*f - 17640 = 0. Calculate the highest common factor of 4 and f.
4
Let k(q) = -5*q + q**3 - 2*q**2 + q**2 - 2*q**2 - 5. Let b be k(5). Let u = -13 + b. Calculate the highest common divisor of 7 and u.
7
Let r(j) = -j + 54. Let n be r(18). Let m = n - -12. Calculate the greatest common divisor of 6 and m.
6
Let g = -13 - -29. Suppose o - g = 2. Let w be o/((-32)/12 - -3). What is the greatest common divisor of w and 6?
6
Let f(o) = o**2 - 1. Let k(d) = 5*d**2 - 10*d - 3. Let n(s) = -6*f(s) + k(s). Let x be n(-8). Let v = -16 + x. What is the greatest common factor of 3 and v?
3
Let j be -33*(8/(-6) + 0). Let r = -10 + 13. Suppose l = 5*g - 59, -2*l = r*g - l - 29. What is the greatest common divisor of g and j?
11
Let f(j) be the first derivative of j**3/3 - 5*j**2/2 + 4*j + 11. Let c be f(-7). What is the greatest common factor of 11 and c?
11
Let h(j) = -10*j + 416. Let m be h(36). Let g be -18*(-3 - 15/9). What is the highest common factor of m and g?
28
Suppose -4*t + 23 + 25 = -g, 4*t = 4*g + 60. Calculate the highest common divisor of 99 and t.
11
Let l = 1160 - 1022. What is the greatest common factor of l and 12?
6
Let s = 309 - 78. What is the greatest common factor of s and 33?
33
Suppose -4*c - 2*h + 296 = c, 310 = 5*c - 5*h. What is the highest common factor of c and 45?
15
Let y(a) = a - 1. Let n(i) = -18*i + 6. Let g(t) = -n(t) - 4*y(t). Let k be g(4). Calculate the highest common divisor of k and 6.
6
Let r = 3222 + -1682. Calculate the highest common divisor of r and 35.
35
Let u(w) = 2*w**2 - 15*w + 9. Let b be u(7). Suppose -p - b*p + 48 = 0. Calculate the greatest common factor of 4 and p.
4
Suppose -2*r - 6 = r, -3*v + 4*r + 11 = 0. Let y be 36/(-1 - (-2)/v). Suppose 0 = 5*t + 11 - 71. What is the highest common divisor of y and t?
12
Let a(u) = 0*u - 5 + 4 + 4*u. Let i be a(4). Let v(s) = s**3 + 7*s**2 - 8*s + 6. Let p be v(-8). Calculate the highest common divisor of i and p.
3
Suppose 165 = -261*n + 272*n. What is the highest common factor of 2265 and n?
15
Let i be ((-255)/(-6) - 2)*2. Suppose -15 - i = -y. Let a be 1540/126 + 1 + 22/(-18). Calculate the greatest common divisor of y and a.
12
Suppose 0 = 2*m + 4*h - 16, -m + 3 = -h - 5. Let f be m*(-2)/(-4) - 1. Calculate the greatest common factor of 12 and f.
3
Let r(z) = -z**2 - 25*z - 22. Let t(c) = c**3 + 6*c**2 + 6*c + 18. Let y be t(-6). Let o be r(y). What is the highest common divisor of 13 and o?
13
Suppose -23 = 3*t - 4*p, -4*p = 3*t + 28 + 27. Let w = 19 + t. Let b(x) = -x**3 + x + 24. Let o be b(0). What is the greatest common factor of o and w?
6
Let d = 260 - 198. Calculate the highest common divisor of d and 93.
31
Let p = 17 + -2. Suppose w = -3*r - w + 37, -w + 71 = 5*r. What is the greatest common factor of p and r?
15
Let w(h) = -4 - h**3 - 2*h + 7*h + 0*h**3 + 2*h**2 - 3*h. Suppose 5*c = -16 + 1. Let u be w(c). What is the greatest common divisor of 7 and u?
7
Let p(r) = 2*r**2 - 5*r - 57. Let s be p(-9). Calculate the highest common divisor of s and 550.
50
Let q be ((-24)/(-10))/((-96)/(-320)). Calculate the highest common divisor of q and 72.
8
Let v(r) = 6*r**2 + 9*r + 15. Let p be v(-2). Let m be (1 - p)/((-1)/(1/1)). What is the greatest common divisor of m and 20?
20
Let u(y) = -y**2 + y + 12. Let q be u(0). Let r be (-1)/(2*(-2)/q). Suppose 0 = 5*a + 25, r*p - 7*p + 5*a = -73. What is the highest common divisor of p and 6?
6
Let h(a) = -a**3 + 21*a**2 - 35*a + 23. Let j be h(19). Suppose 0*k - 61 = -2*t + k, 5*t - 166 = -2*k. What is the highest common divisor of t and j?
16
Let n(o) = 3*o + 30. Let p(b) = -8*b + 11. Let m be p(-2). Let g be n(m). What is the greatest common divisor of g and 37?
37
Suppose 0 = -5*i + i + 28. Let n(j) = j - 27. Let l(d) = -d + 27. Let c(h) = 6*l(h) + 5*n(h). Let s be c(6). Calculate the greatest common factor of s and i.
7
Suppose 815 - 780 = 5*g. What is the greatest common divisor of 119 and g?
7
Suppose -2*r - r - 5*a + 49 = 0, 2*r - 5*a = 41. What is the highest common divisor of 360 and r?
18
Let u = 11 - 11. Suppose u*x - 108 = -2*x. Let z = 20 - 2. Calculate the greatest common divisor of z and x.
18
Let k(q) = 2*q**3 - 8*q**2 + 3*q - 2. Let b be k(6). Let l = 520 + -488. Calculate the highest common factor of b and l.
32
Let h(a) = -a**2 + 34*a - 84. Let j be h(12). Calculate the highest common factor of 30 and j.
30
Suppose 20*z - 12879 = 11*z. What is the greatest common divisor of z and 9?
9
Suppose -4*c - 4800 = -14*c. Calculate the highest common divisor of c and 60.
60
Let m(v) = -42*v + 16 - v**2 + 18*v - 4*v. Let r be m(-12). What is the highest common factor of 13 and r?
13
Let d(w) = 33*w + 119. Let z be d(-3). What is the greatest common factor of 250 and z?
10
Let v be (-86)/(-18) + 14/63. Calculate the highest common divisor of v and 115.
5
Let z be 2/30*-5*(-216)/2. What is the greatest common divisor of 1152 and z?
36
Let h = -1082 + 1096. Suppose -s + 3*s - 14 = 0. What is the highest common factor of h and s?
7
Let y be ((-20)/(-4) - 6)/(1/(-3)). Suppose y*z - 24 = -0*z. What is the highest common factor of 136 and z?
8
Suppose -4*p = -481 - 191. Calculate the highest common factor of p and 12.
12
Let b(y) = 18*y. Let x be b(1). Let v(m) = -m**3 + 25*m**2 + 33*m + 16. Let h be v(26). What is the highest common factor of h and x?
18
Let x be (-1 + (2 - (2 + -2)))/(-1). Let t be 150/35 + (-2)/7 - x. What is the highest common factor of 45 and t?
5
Suppose -213 + 309 = 8*s. What is the greatest common divisor of s and 20?
4
Suppose -16 + 302 = 5*v + x, 3*v - 186 = 3*x. Suppose -14 = -6*b + v. Calculate the greatest common divisor of 18 and b.
6
Let p be (10 + 306/(-45))*230. Calculate the greatest common divisor of p and 138.
46
Let d = 21 + 3. What is the greatest common factor of d and 240?
24
Let j = 248 + -209. Calculate the greatest common divisor of j and 182.
13
Suppose -5*j - 13 = 3*g, 2*g + j = 7*g - 25. Let o = 92 + -48. What is the highest common factor of g and o?
4
Let u(o) = -72*o - 321. Let c be u(-5). Calculate the greatest common divisor of c and 6.
3
Let y be 3*(-20)/75*-335. What is the greatest common divisor of 4 and y?
4
Let s(x) = -632*x**2. Let d be s(1). Let i = -340 - d. Suppose -4*j + 2*r = -296, i = 3*j - r + 72. Calculate the highest common divisor of j and 9.
9
Suppose -8*s - 776 = -16*s. Let y = s + -61. What is the greatest common factor of 27 and y?
9
Suppose s = -13*s - 2548. Let a = s - -329. What is the greatest common factor of 49 and a?
49
Suppose 0 = 4*y - 2*q - 52, 2*q = 3*y + 10 - 48. Let z = 41 - y. Let w = 41 - 14. What is the greatest common factor of w and z?
27
Suppose -10*v = 36 + 44. Let p be (-4 - v) + 7 + 35. Calculate the highest common divisor of 414 and p.
46
Suppose -222 = -7*h + h. Let f be (h - 3/(-3)) + 0 + -1. Calculate the highest common divisor of f and 37.
37
Suppose 4*m = -3*w + 237, -56 = -7*m + 6*m - 4*w. What is the greatest common factor of 700 and m?
20
Let b be (-12)/((-72)/6162) + 2/(-2). Calculate the greatest common divisor of 27 and b.
27
Let w(i) = i**3 - 2*i**2 - 16*i + 12. Let m be w(7). Let c(f) = 30*f - 2. Let k be c(2). Calculate the greatest common factor of k and m.
29
Let u = 317 - 281. What is the greatest common divisor of u and 12?
12
Suppose f - 2*p - 32 = 0, 4*f - 40 = 3*f + 4*p. Suppos